{"id":26385,"date":"2026-02-25T10:03:54","date_gmt":"2026-02-25T09:03:56","guid":{"rendered":"https:\/\/verpatec.ch\/produkt\/systeme-declairage-mobile-9730-rals-noir\/"},"modified":"2026-02-25T10:03:56","modified_gmt":"2026-02-25T09:03:56","slug":"systeme-declairage-mobile-9730-rals-noir","status":"publish","type":"product","link":"https:\/\/verpatec.ch\/fr\/produit\/systeme-declairage-mobile-9730-rals-noir\/","title":{"rendered":"Syst\u00e8me d'\u00e9clairage mobile, 9730 RALS,  noir"},"content":{"rendered":"","protected":false},"excerpt":{"rendered":"<p>Le syst\u00e8me d'\u00e9clairage pour zones recul\u00e9es (RALS) 9730 est la derni\u00e8re g\u00e9n\u00e9ration de RALS de Peli, sp\u00e9cialement con\u00e7u pour <br \/>relever les d\u00e9fis particuliers des missions dans des zones recul\u00e9es. Avec une puissance d'\u00e9clairage robuste de 4 800 lumens, plus de 13 heures<br \/>d'autonomie maximale et une conception intuitive, le 9730 RALS augmente l'efficacit\u00e9 sur le terrain et offre une solution d'\u00e9clairage portable puissante et facile \u00e0<br \/>utiliser. Que vous souhaitiez \u00e9clairer un site d'intervention dans le cadre d'une urgence, mettre en place un poste de commandement temporaire <br \/>ou assurer un \u00e9clairage suffisant pour les contr\u00f4les visuels, le 9730 RALS garantit un fonctionnement s\u00fbr et fiable, <br \/>m\u00eame dans les conditions les plus diverses et les plus exigeantes.<\/p>\n<p>-Lumi\u00e8re fiable et puissante jusqu'\u00e0 4 800 lumens<br \/>-Autonomie maximale de 13 heures<br \/>-T\u00eates d'\u00e9clairage amovibles pour une installation flexible, par exemple sur des tr\u00e9pieds (par exemple 9430TP)<br \/>- L'\u00e9clairage arri\u00e8re au sol augmente la s\u00e9curit\u00e9 gr\u00e2ce \u00e0 un meilleur \u00e9clairage du sol autour de l'appareil<br \/>- Certifi\u00e9 IPX4, prot\u00e9g\u00e9 contre les projections d'eau<br \/>- Indicateur de batterie en temps r\u00e9el<br \/>- Compact et l\u00e9ger - facile \u00e0 transporter et pr\u00eat \u00e0 l'emploi<br \/>- Modes d'\u00e9clairage variables : \u00e9lev\u00e9, moyen, faible<br \/>- Dimensions ferm\u00e9 13,50 x 8,50\" x 8,25 (34,3 x 21,6 x 21 cm)<br \/>-Poids : 8,41 kg<\/p>\n<p>Num\u00e9ro du fabricant : 097300-0000-110E<\/p>\n","protected":false},"featured_media":26778,"comment_status":"open","ping_status":"closed","template":"","meta":{"inline_featured_image":false},"product_brand":[],"product_cat":[94],"product_tag":[],"class_list":{"0":"post-26385","1":"product","2":"type-product","3":"status-publish","4":"has-post-thumbnail","6":"product_cat-systemes-declairage-lampes-de-poche","7":"product_shipping_class-postpaket-2-fr","8":"pa_marke-peli-fr","9":"post-wrapper","11":"first","12":"instock","13":"taxable","14":"shipping-taxable","15":"purchasable","16":"product-type-simple"},"_links":{"self":[{"href":"https:\/\/verpatec.ch\/fr\/wp-json\/wp\/v2\/product\/26385","targetHints":{"allow":["GET"]}}],"collection":[{"href":"https:\/\/verpatec.ch\/fr\/wp-json\/wp\/v2\/product"}],"about":[{"href":"https:\/\/verpatec.ch\/fr\/wp-json\/wp\/v2\/types\/product"}],"replies":[{"embeddable":true,"href":"https:\/\/verpatec.ch\/fr\/wp-json\/wp\/v2\/comments?post=26385"}],"wp:featuredmedia":[{"embeddable":true,"href":"https:\/\/verpatec.ch\/fr\/wp-json\/wp\/v2\/media\/26778"}],"wp:attachment":[{"href":"https:\/\/verpatec.ch\/fr\/wp-json\/wp\/v2\/media?parent=26385"}],"wp:term":[{"taxonomy":"product_brand","embeddable":true,"href":"https:\/\/verpatec.ch\/fr\/wp-json\/wp\/v2\/product_brand?post=26385"},{"taxonomy":"product_cat","embeddable":true,"href":"https:\/\/verpatec.ch\/fr\/wp-json\/wp\/v2\/product_cat?post=26385"},{"taxonomy":"product_tag","embeddable":true,"href":"https:\/\/verpatec.ch\/fr\/wp-json\/wp\/v2\/product_tag?post=26385"}],"curies":[{"name":"wp","href":"https:\/\/api.w.org\/{rel}","templated":true}]}}

Système d'éclairage mobile, 9730 RALS,  noir

<p>Le système d'éclairage pour zones reculées (RALS) 9730 est la dernière génération de RALS de Peli, spécialement conçu pour <br />relever les défis particuliers des missions dans des zones reculées. Avec une puissance d'éclairage robuste de 4 800 lumens, plus de 13 heures<br />d'autonomie maximale et une conception intuitive, le 9730 RALS augmente l'efficacité sur le terrain et offre une solution d'éclairage portable puissante et facile à<br />utiliser. Que vous souhaitiez éclairer un site d'intervention dans le cadre d'une urgence, mettre en place un poste de commandement temporaire <br />ou assurer un éclairage suffisant pour les contrôles visuels, le 9730 RALS garantit un fonctionnement sûr et fiable, <br />même dans les conditions les plus diverses et les plus exigeantes.</p>
<p>-Lumière fiable et puissante jusqu'à 4 800 lumens<br />-Autonomie maximale de 13 heures<br />-Têtes d'éclairage amovibles pour une installation flexible, par exemple sur des trépieds (par exemple 9430TP)<br />- L'éclairage arrière au sol augmente la sécurité grâce à un meilleur éclairage du sol autour de l'appareil<br />- Certifié IPX4, protégé contre les projections d'eau<br />- Indicateur de batterie en temps réel<br />- Compact et léger - facile à transporter et prêt à l'emploi<br />- Modes d'éclairage variables : élevé, moyen, faible<br />- Dimensions fermé 13,50 x 8,50" x 8,25 (34,3 x 21,6 x 21 cm)<br />-Poids : 8,41 kg</p>
<p>Numéro du fabricant : 097300-0000-110E</p>
