{"version":"1.0","provider_name":"AVT Verpatec - Ihr Spezialist f\u00fcr innovative und massgeschneiderte Verpackungs- und Transportl\u00f6sungen","provider_url":"https:\/\/verpatec.ch\/fr\/","title":"Zarges K470 IM: 900x640x450mm 40846 - AVT Verpatec - Ihr Spezialist f\u00fcr innovative und massgeschneiderte Verpackungs- und Transportl\u00f6sungen","type":"rich","width":600,"height":338,"html":"<blockquote class=\"wp-embedded-content\" data-secret=\"R79p4vihk2\"><a href=\"https:\/\/verpatec.ch\/fr\/produit\/zarges-k470-im-900x640x450mm\/\">Zarges K470 IM: 900x640x450mm 40846<\/a><\/blockquote><iframe sandbox=\"allow-scripts\" security=\"restricted\" src=\"https:\/\/verpatec.ch\/fr\/produit\/zarges-k470-im-900x640x450mm\/embed\/#?secret=R79p4vihk2\" width=\"600\" height=\"338\" title=\"\u00ab\u00a0Zarges K470 IM: 900x640x450mm 40846\u00a0\u00bb &#8212; AVT Verpatec - Ihr Spezialist f\u00fcr innovative und massgeschneiderte Verpackungs- und Transportl\u00f6sungen\" data-secret=\"R79p4vihk2\" frameborder=\"0\" marginwidth=\"0\" marginheight=\"0\" scrolling=\"no\" class=\"wp-embedded-content\"><\/iframe><script type=\"text\/javascript\">\n\/* <![CDATA[ *\/\n\/*! This file is auto-generated *\/\n!function(d,l){\"use strict\";l.querySelector&&d.addEventListener&&\"undefined\"!=typeof URL&&(d.wp=d.wp||{},d.wp.receiveEmbedMessage||(d.wp.receiveEmbedMessage=function(e){var t=e.data;if((t||t.secret||t.message||t.value)&&!\/[^a-zA-Z0-9]\/.test(t.secret)){for(var s,r,n,a=l.querySelectorAll('iframe[data-secret=\"'+t.secret+'\"]'),o=l.querySelectorAll('blockquote[data-secret=\"'+t.secret+'\"]'),c=new RegExp(\"^https?:$\",\"i\"),i=0;i<o.length;i++)o[i].style.display=\"none\";for(i=0;i<a.length;i++)s=a[i],e.source===s.contentWindow&&(s.removeAttribute(\"style\"),\"height\"===t.message?(1e3<(r=parseInt(t.value,10))?r=1e3:~~r<200&&(r=200),s.height=r):\"link\"===t.message&&(r=new URL(s.getAttribute(\"src\")),n=new URL(t.value),c.test(n.protocol))&&n.host===r.host&&l.activeElement===s&&(d.top.location.href=t.value))}},d.addEventListener(\"message\",d.wp.receiveEmbedMessage,!1),l.addEventListener(\"DOMContentLoaded\",function(){for(var e,t,s=l.querySelectorAll(\"iframe.wp-embedded-content\"),r=0;r<s.length;r++)(t=(e=s[r]).getAttribute(\"data-secret\"))||(t=Math.random().toString(36).substring(2,12),e.src+=\"#?secret=\"+t,e.setAttribute(\"data-secret\",t)),e.contentWindow.postMessage({message:\"ready\",secret:t},\"*\")},!1)))}(window,document);\n\/\/# sourceURL=https:\/\/verpatec.ch\/wp-includes\/js\/wp-embed.min.js\n\/* ]]> *\/\n<\/script>\n","thumbnail_url":"https:\/\/verpatec.ch\/wp-content\/uploads\/30352283.jpg","thumbnail_width":576,"thumbnail_height":576,"description":"Description du produit :Conteneur en aluminium spacieux et robuste de 950 x 690 x 480 mm et d'un volume de 259 litres. Il dispose d'un joint de couvercle en mousse, de coins de gerbage stables et de fermetures Comfort durables. Indice de protection IP 65 en option. Garantie de 10 ans.Caract\u00e9ristiques du produit :Dimensions ext\u00e9rieures (L x l x H) : 950 x 690 x 480 mmVolume : 259 lPoids : 13,4 kgMat\u00e9riau : aluminiumPoign\u00e9es : Poign\u00e9es \u00e0 ressortGarantie : 10 ans"}

AVT Verpatec - Ihr Spezialist für innovative und massgeschneiderte Verpackungs- und Transportlösungen

Zarges K470 IM: 900x640x450mm 40846 - AVT Verpatec - Ihr Spezialist für innovative und massgeschneiderte Verpackungs- und Transportlösungen

<blockquote class="wp-embedded-content" data-secret="R79p4vihk2"><a href="https://verpatec.ch/fr/produit/zarges-k470-im-900x640x450mm/">Zarges K470 IM: 900x640x450mm 40846</a></blockquote><iframe sandbox="allow-scripts" security="restricted" src="https://verpatec.ch/fr/produit/zarges-k470-im-900x640x450mm/embed/#?secret=R79p4vihk2" width="600" height="338" title="« Zarges K470 IM: 900x640x450mm 40846 » &#8212; AVT Verpatec - Ihr Spezialist für innovative und massgeschneiderte Verpackungs- und Transportlösungen" data-secret="R79p4vihk2" frameborder="0" marginwidth="0" marginheight="0" scrolling="no" class="wp-embedded-content"></iframe><script type="text/javascript">
/* <![CDATA[ */
/*! This file is auto-generated */
!function(d,l){"use strict";l.querySelector&&d.addEventListener&&"undefined"!=typeof URL&&(d.wp=d.wp||{},d.wp.receiveEmbedMessage||(d.wp.receiveEmbedMessage=function(e){var t=e.data;if((t||t.secret||t.message||t.value)&&!/[^a-zA-Z0-9]/.test(t.secret)){for(var s,r,n,a=l.querySelectorAll('iframe[data-secret="'+t.secret+'"]'),o=l.querySelectorAll('blockquote[data-secret="'+t.secret+'"]'),c=new RegExp("^https?:$","i"),i=0;i<o.length;i++)o[i].style.display="none";for(i=0;i<a.length;i++)s=a[i],e.source===s.contentWindow&&(s.removeAttribute("style"),"height"===t.message?(1e3<(r=parseInt(t.value,10))?r=1e3:~~r<200&&(r=200),s.height=r):"link"===t.message&&(r=new URL(s.getAttribute("src")),n=new URL(t.value),c.test(n.protocol))&&n.host===r.host&&l.activeElement===s&&(d.top.location.href=t.value))}},d.addEventListener("message",d.wp.receiveEmbedMessage,!1),l.addEventListener("DOMContentLoaded",function(){for(var e,t,s=l.querySelectorAll("iframe.wp-embedded-content"),r=0;r<s.length;r++)(t=(e=s[r]).getAttribute("data-secret"))||(t=Math.random().toString(36).substring(2,12),e.src+="#?secret="+t,e.setAttribute("data-secret",t)),e.contentWindow.postMessage({message:"ready",secret:t},"*")},!1)))}(window,document);
//# sourceURL=https://verpatec.ch/wp-includes/js/wp-embed.min.js
/* ]]> */
</script>

Description du produit :Conteneur en aluminium spacieux et robuste de 950 x 690 x 480 mm et d'un volume de 259 litres. Il dispose d'un joint de couvercle en mousse, de coins de gerbage stables et de fermetures Comfort durables. Indice de protection IP 65 en option. Garantie de 10 ans.Caractéristiques du produit :Dimensions extérieures (L x l x H) : 950 x 690 x 480 mmVolume : 259 lPoids : 13,4 kgMatériau : aluminiumPoignées : Poignées à ressortGarantie : 10 ans
